{"id":540,"date":"2026-03-15T15:51:13","date_gmt":"2026-03-15T14:51:13","guid":{"rendered":"https:\/\/www.kidsenforme.fr\/?page_id=540"},"modified":"2026-03-21T16:50:27","modified_gmt":"2026-03-21T15:50:27","slug":"journee-sportive","status":"publish","type":"page","link":"https:\/\/www.kidsenforme.fr\/?page_id=540","title":{"rendered":"Journ\u00e9e multisports"},"content":{"rendered":"\n<h2 class=\"wp-block-heading has-vivid-green-cyan-color has-text-color has-link-color wp-elements-db4a2d5acc12ab93d19226a897e13fde\">Journ\u00e9e ou demi-journ\u00e9e multisports<\/h2>\n\n\n\n<div class=\"wp-block-group is-nowrap is-layout-flex wp-container-core-group-is-layout-6c531013 wp-block-group-is-layout-flex\">\n<div class=\"wp-block-group is-vertical is-layout-flex wp-container-core-group-is-layout-fe9cc265 wp-block-group-is-layout-flex\">\n<h2 class=\"wp-block-heading has-white-color has-text-color has-link-color wp-elements-16ec739b6671f52ce60e1c25bd7f0e41\">Information<\/h2>\n\n\n\n<p>Une journ\u00e9e ou une demi-journ\u00e9e pour d\u00e9couvrir, bouger et s\u2019amuser\u00a0!<\/p>\n\n\n\n<p>Les journ\u00e9es multisports propos\u00e9s par l&rsquo;association offrent aux enfants et adolescents une opportunit\u00e9 unique de pratiquer une grande vari\u00e9t\u00e9 d\u2019activit\u00e9s physiques dans un cadre ludique, s\u00e9curis\u00e9 et encadr\u00e9 par des professionnels dipl\u00f4m\u00e9s.<\/p>\n\n\n\n<p>Con\u00e7us pour favoriser la d\u00e9couverte, le plaisir du mouvement et la convivialit\u00e9, ces journ\u00e9e s\u2019adressent aux enfants par tranche d&rsquo;\u00e2ge, quel que soit leur niveau de pratique.<\/p>\n<\/div>\n<\/div>\n\n\n\n<div class=\"wp-block-group is-nowrap is-layout-flex wp-container-core-group-is-layout-6c531013 wp-block-group-is-layout-flex\">\n<figure class=\"wp-block-image size-large is-style-rounded\"><img loading=\"lazy\" decoding=\"async\" width=\"1024\" height=\"1024\" src=\"https:\/\/www.kidsenforme.fr\/wp-content\/uploads\/2026\/01\/9394-1024x1024.jpg\" alt=\"\" class=\"wp-image-434\" srcset=\"https:\/\/www.kidsenforme.fr\/wp-content\/uploads\/2026\/01\/9394-1024x1024.jpg 1024w, https:\/\/www.kidsenforme.fr\/wp-content\/uploads\/2026\/01\/9394-300x300.jpg 300w, https:\/\/www.kidsenforme.fr\/wp-content\/uploads\/2026\/01\/9394-150x150.jpg 150w, https:\/\/www.kidsenforme.fr\/wp-content\/uploads\/2026\/01\/9394-768x768.jpg 768w, https:\/\/www.kidsenforme.fr\/wp-content\/uploads\/2026\/01\/9394-1536x1536.jpg 1536w, https:\/\/www.kidsenforme.fr\/wp-content\/uploads\/2026\/01\/9394-2048x2048.jpg 2048w\" sizes=\"auto, (max-width: 1024px) 100vw, 1024px\" \/><\/figure>\n\n\n\n<div class=\"wp-block-group is-vertical is-layout-flex wp-container-core-group-is-layout-fe9cc265 wp-block-group-is-layout-flex\">\n<h3 class=\"wp-block-heading has-primary-color has-text-color has-link-color wp-elements-fef7eb6660ac9cf1d871832d459f95d7\">\ud83d\udd0d Au programme&nbsp;:<\/h3>\n\n\n\n<ul class=\"wp-block-list\">\n<li>Activit\u00e9s collectives (basket, foot, handball\u2026)<\/li>\n\n\n\n<li>Jeux de coop\u00e9ration et de relais<\/li>\n\n\n\n<li>Activit\u00e9s de motricit\u00e9 et de coordination<\/li>\n\n\n\n<li>Initiations \u00e0 des sports moins connus<\/li>\n<\/ul>\n\n\n\n<p>Chaque journ\u00e9e est construite autour de valeurs fortes&nbsp;: le respect, l\u2019entraide, la diversit\u00e9 des pratiques et le plaisir de bouger ensemble.<\/p>\n<\/div>\n<\/div>\n\n\n\n<div class=\"wp-block-group is-nowrap is-layout-flex wp-container-core-group-is-layout-6c531013 wp-block-group-is-layout-flex\">\n<div class=\"wp-block-group is-vertical is-layout-flex wp-container-core-group-is-layout-fe9cc265 wp-block-group-is-layout-flex\">\n<h3 class=\"wp-block-heading has-luminous-vivid-orange-color has-text-color has-link-color wp-elements-92e54e804359be47359ee8fb8d09cd02\">\ud83d\udccd Lieux &amp; horaires&nbsp;:<\/h3>\n\n\n\n<p>Les journ\u00e9es ou demi-journ\u00e9es ont lieu dans diff\u00e9rents \u00e9quipements sportifs suivant la commune d&rsquo;accueil, comme le gymnase de Ch\u00e2telus-Malvaleix, selon les disponibilit\u00e9s.<br>Les informations pratiques (lieu, horaires, mat\u00e9riel \u00e0 pr\u00e9voir) sont communiqu\u00e9es au plus tard une semaine avant le d\u00e9but de la journ\u00e9e.<\/p>\n<\/div>\n<\/div>\n\n\n\n<div class=\"wp-block-group is-nowrap is-layout-flex wp-container-core-group-is-layout-6c531013 wp-block-group-is-layout-flex\">\n<div class=\"wp-block-group is-vertical is-layout-flex wp-container-core-group-is-layout-fe9cc265 wp-block-group-is-layout-flex\">\n<h3 class=\"wp-block-heading has-vivid-cyan-blue-color has-text-color has-link-color wp-elements-b436ec58c28e4985db1439abfacd993f\">\ud83c\udfaf Objectifs&nbsp;:<\/h3>\n\n\n\n<ul class=\"wp-block-list\">\n<li>D\u00e9velopper les capacit\u00e9s motrices et sociales des jeunes<\/li>\n\n\n\n<li>D\u00e9couvrir de nouveaux sports<\/li>\n\n\n\n<li>Renforcer la confiance en soi et le go\u00fbt de l\u2019effort<\/li>\n\n\n\n<li>Partager des moments collectifs dans un esprit bienveillant<\/li>\n<\/ul>\n<\/div>\n<\/div>\n\n\n\n<div class=\"wp-block-group has-vivid-cyan-blue-background-color has-background is-vertical is-content-justification-center is-nowrap is-layout-flex wp-container-core-group-is-layout-d7b04dc7 wp-block-group-is-layout-flex\" style=\"border-width:2px;border-top-left-radius:35px;border-top-right-radius:35px;border-bottom-left-radius:35px;border-bottom-right-radius:35px\">\n<h2 class=\"wp-block-heading has-text-align-center has-text-color has-link-color wp-elements-4d347b240c0e5efba3187f5697b45c67\" style=\"color:#fff648\">Vacances d&rsquo;Avril 2026<br>6 &#8211; 12 ans<\/h2>\n\n\n\n<p>du 7 au 17 Avril 2026 &#8211; Gymnase de Ch\u00e2telus-Malvaleix (23)<\/p>\n\n\n\n<div class=\"wp-block-group is-layout-constrained wp-container-core-group-is-layout-db9edeb8 wp-block-group-is-layout-constrained\">\n<div class=\"wp-block-columns is-layout-flex wp-container-core-columns-is-layout-28f84493 wp-block-columns-is-layout-flex\">\n<div class=\"wp-block-column is-layout-flow wp-block-column-is-layout-flow\">\n<h2 class=\"wp-block-heading has-text-color has-link-color wp-elements-afec38e415d024b434b12de2c7dad95e wp-container-content-006212af\" style=\"color:#fff648\">Formules :<\/h2>\n<\/div>\n\n\n\n<div class=\"wp-block-column is-layout-flow wp-block-column-is-layout-flow\">\n<h2 class=\"wp-block-heading has-text-align-right has-tertiary-text-color-color has-text-color has-link-color wp-elements-195e295715ac52f88641d7e8b0da7bb8\">Programme \u00e0 venir<\/h2>\n<\/div>\n<\/div>\n\n\n\n<div class=\"wp-block-group is-style-fitness-health-coach-padding-0 is-vertical is-content-justification-left is-nowrap is-layout-flex wp-container-core-group-is-layout-2dea860b wp-block-group-is-layout-flex\" style=\"border-style:none;border-width:0px;border-top-left-radius:34px;border-top-right-radius:34px;border-bottom-left-radius:34px;border-bottom-right-radius:34px\">\n<div class=\"wp-block-group wp-container-content-958eb9dc is-content-justification-space-between is-nowrap is-layout-flex wp-container-core-group-is-layout-cb46ffcb wp-block-group-is-layout-flex\">\n<div class=\"wp-block-group wp-container-content-0733e5d0 is-vertical is-layout-flex wp-container-core-group-is-layout-fe9cc265 wp-block-group-is-layout-flex\">\n<h4 class=\"wp-block-heading has-vivid-red-color has-text-color has-link-color wp-elements-5f21690936cb4a345335bfb0882fff8c\">Journ\u00e9e<\/h4>\n\n\n\n<ul class=\"wp-block-list\">\n<li>Adh\u00e9rents : 18\u20ac<\/li>\n\n\n\n<li>Non adh\u00e9rents : 21\u20ac<\/li>\n<\/ul>\n<\/div>\n\n\n\n<div class=\"wp-block-group wp-container-content-0733e5d0 is-vertical is-content-justification-left is-nowrap is-layout-flex wp-container-core-group-is-layout-970da055 wp-block-group-is-layout-flex\">\n<h4 class=\"wp-block-heading has-primary-color has-text-color has-link-color wp-elements-1a2d809b27d64caa2d062dd5d26f01f7\">Demi-Journ\u00e9e<\/h4>\n\n\n\n<ul class=\"wp-block-list\">\n<li>Adh\u00e9rents : 10\u20ac<\/li>\n\n\n\n<li>Non adh\u00e9rents : 12\u20ac<\/li>\n<\/ul>\n<\/div>\n<\/div>\n\n\n\n<figure class=\"wp-block-image size-full\"><a href=\"https:\/\/www.helloasso.com\/associations\/kids-en-forme\/evenements\/journees-multisports-vacances-de-paques\" target=\"_blank\" rel=\" noreferrer noopener\"><img loading=\"lazy\" decoding=\"async\" width=\"1920\" height=\"1080\" src=\"https:\/\/www.kidsenforme.fr\/wp-content\/uploads\/2026\/01\/insciptions-1.png\" alt=\"\" class=\"wp-image-523\" style=\"object-fit:cover\" srcset=\"https:\/\/www.kidsenforme.fr\/wp-content\/uploads\/2026\/01\/insciptions-1.png 1920w, https:\/\/www.kidsenforme.fr\/wp-content\/uploads\/2026\/01\/insciptions-1-300x169.png 300w, https:\/\/www.kidsenforme.fr\/wp-content\/uploads\/2026\/01\/insciptions-1-1024x576.png 1024w, https:\/\/www.kidsenforme.fr\/wp-content\/uploads\/2026\/01\/insciptions-1-768x432.png 768w, https:\/\/www.kidsenforme.fr\/wp-content\/uploads\/2026\/01\/insciptions-1-1536x864.png 1536w\" sizes=\"auto, (max-width: 1920px) 100vw, 1920px\" \/><\/a><\/figure>\n<\/div>\n<\/div>\n<\/div>\n","protected":false},"excerpt":{"rendered":"<p>Journ\u00e9e ou demi-journ\u00e9e multisports Information Une journ\u00e9e ou une demi-journ\u00e9e pour d\u00e9couvrir, bouger et s\u2019amuser\u00a0! Les journ\u00e9es multisports propos\u00e9s par l&rsquo;association offrent aux enfants et adolescents une opportunit\u00e9 unique de pratiquer une grande vari\u00e9t\u00e9 d\u2019activit\u00e9s physiques dans un cadre ludique, s\u00e9curis\u00e9 et encadr\u00e9 par des professionnels dipl\u00f4m\u00e9s. Con\u00e7us pour favoriser la d\u00e9couverte, le plaisir du [&hellip;]<\/p>\n","protected":false},"author":1,"featured_media":0,"parent":0,"menu_order":0,"comment_status":"closed","ping_status":"closed","template":"wp-custom-template-page-site","meta":{"footnotes":""},"class_list":["post-540","page","type-page","status-publish","hentry"],"yoast_head":"<!-- This site is optimized with the Yoast SEO plugin v27.1.1 - https:\/\/yoast.com\/product\/yoast-seo-wordpress\/ -->\n<title>Journ\u00e9e multisports - KIDS EN FORME<\/title>\n<meta name=\"robots\" content=\"index, follow, max-snippet:-1, max-image-preview:large, max-video-preview:-1\" \/>\n<link rel=\"canonical\" href=\"https:\/\/www.kidsenforme.fr\/?page_id=540\" \/>\n<meta property=\"og:locale\" content=\"fr_FR\" \/>\n<meta property=\"og:type\" content=\"article\" \/>\n<meta property=\"og:title\" content=\"Journ\u00e9e multisports - KIDS EN FORME\" \/>\n<meta property=\"og:description\" content=\"Journ\u00e9e ou demi-journ\u00e9e multisports Information Une journ\u00e9e ou une demi-journ\u00e9e pour d\u00e9couvrir, bouger et s\u2019amuser\u00a0! Les journ\u00e9es multisports propos\u00e9s par l&rsquo;association offrent aux enfants et adolescents une opportunit\u00e9 unique de pratiquer une grande vari\u00e9t\u00e9 d\u2019activit\u00e9s physiques dans un cadre ludique, s\u00e9curis\u00e9 et encadr\u00e9 par des professionnels dipl\u00f4m\u00e9s. Con\u00e7us pour favoriser la d\u00e9couverte, le plaisir du [&hellip;]\" \/>\n<meta property=\"og:url\" content=\"https:\/\/www.kidsenforme.fr\/?page_id=540\" \/>\n<meta property=\"og:site_name\" content=\"KIDS EN FORME\" \/>\n<meta property=\"article:publisher\" content=\"https:\/\/www.facebook.com\/kidsenforme\" \/>\n<meta property=\"article:modified_time\" content=\"2026-03-21T15:50:27+00:00\" \/>\n<meta property=\"og:image\" content=\"https:\/\/www.kidsenforme.fr\/wp-content\/uploads\/2026\/01\/9394-scaled.jpg\" \/>\n\t<meta property=\"og:image:width\" content=\"2560\" \/>\n\t<meta property=\"og:image:height\" content=\"2560\" \/>\n\t<meta property=\"og:image:type\" content=\"image\/jpeg\" \/>\n<meta name=\"twitter:card\" content=\"summary_large_image\" \/>\n<meta name=\"twitter:label1\" content=\"Dur\u00e9e de lecture estim\u00e9e\" \/>\n\t<meta name=\"twitter:data1\" content=\"2 minutes\" \/>\n<script type=\"application\/ld+json\" class=\"yoast-schema-graph\">{\"@context\":\"https:\/\/schema.org\",\"@graph\":[{\"@type\":\"WebPage\",\"@id\":\"https:\/\/www.kidsenforme.fr\/?page_id=540\",\"url\":\"https:\/\/www.kidsenforme.fr\/?page_id=540\",\"name\":\"Journ\u00e9e multisports - KIDS EN FORME\",\"isPartOf\":{\"@id\":\"https:\/\/www.kidsenforme.fr\/#website\"},\"primaryImageOfPage\":{\"@id\":\"https:\/\/www.kidsenforme.fr\/?page_id=540#primaryimage\"},\"image\":{\"@id\":\"https:\/\/www.kidsenforme.fr\/?page_id=540#primaryimage\"},\"thumbnailUrl\":\"https:\/\/www.kidsenforme.fr\/wp-content\/uploads\/2026\/01\/9394-1024x1024.jpg\",\"datePublished\":\"2026-03-15T14:51:13+00:00\",\"dateModified\":\"2026-03-21T15:50:27+00:00\",\"breadcrumb\":{\"@id\":\"https:\/\/www.kidsenforme.fr\/?page_id=540#breadcrumb\"},\"inLanguage\":\"fr-FR\",\"potentialAction\":[{\"@type\":\"ReadAction\",\"target\":[\"https:\/\/www.kidsenforme.fr\/?page_id=540\"]}]},{\"@type\":\"ImageObject\",\"inLanguage\":\"fr-FR\",\"@id\":\"https:\/\/www.kidsenforme.fr\/?page_id=540#primaryimage\",\"url\":\"https:\/\/www.kidsenforme.fr\/wp-content\/uploads\/2026\/01\/9394-scaled.jpg\",\"contentUrl\":\"https:\/\/www.kidsenforme.fr\/wp-content\/uploads\/2026\/01\/9394-scaled.jpg\",\"width\":2560,\"height\":2560,\"caption\":\"Summer sports cartoon concept with sports equipment and outfit vector illustration\"},{\"@type\":\"BreadcrumbList\",\"@id\":\"https:\/\/www.kidsenforme.fr\/?page_id=540#breadcrumb\",\"itemListElement\":[{\"@type\":\"ListItem\",\"position\":1,\"name\":\"Accueil\",\"item\":\"https:\/\/www.kidsenforme.fr\/\"},{\"@type\":\"ListItem\",\"position\":2,\"name\":\"Journ\u00e9e multisports\"}]},{\"@type\":\"WebSite\",\"@id\":\"https:\/\/www.kidsenforme.fr\/#website\",\"url\":\"https:\/\/www.kidsenforme.fr\/\",\"name\":\"KIDS EN FORME\",\"description\":\"\",\"publisher\":{\"@id\":\"https:\/\/www.kidsenforme.fr\/#organization\"},\"potentialAction\":[{\"@type\":\"SearchAction\",\"target\":{\"@type\":\"EntryPoint\",\"urlTemplate\":\"https:\/\/www.kidsenforme.fr\/?s={search_term_string}\"},\"query-input\":{\"@type\":\"PropertyValueSpecification\",\"valueRequired\":true,\"valueName\":\"search_term_string\"}}],\"inLanguage\":\"fr-FR\"},{\"@type\":\"Organization\",\"@id\":\"https:\/\/www.kidsenforme.fr\/#organization\",\"name\":\"ASSOCIATION KIDS EN FORME\",\"url\":\"https:\/\/www.kidsenforme.fr\/\",\"logo\":{\"@type\":\"ImageObject\",\"inLanguage\":\"fr-FR\",\"@id\":\"https:\/\/www.kidsenforme.fr\/#\/schema\/logo\/image\/\",\"url\":\"https:\/\/www.kidsenforme.fr\/wp-content\/uploads\/2025\/07\/kids-en-forme-logo.png\",\"contentUrl\":\"https:\/\/www.kidsenforme.fr\/wp-content\/uploads\/2025\/07\/kids-en-forme-logo.png\",\"width\":1920,\"height\":1080,\"caption\":\"ASSOCIATION KIDS EN FORME\"},\"image\":{\"@id\":\"https:\/\/www.kidsenforme.fr\/#\/schema\/logo\/image\/\"},\"sameAs\":[\"https:\/\/www.facebook.com\/kidsenforme\"]}]}<\/script>\n<!-- \/ Yoast SEO plugin. -->","yoast_head_json":{"title":"Journ\u00e9e multisports - KIDS EN FORME","robots":{"index":"index","follow":"follow","max-snippet":"max-snippet:-1","max-image-preview":"max-image-preview:large","max-video-preview":"max-video-preview:-1"},"canonical":"https:\/\/www.kidsenforme.fr\/?page_id=540","og_locale":"fr_FR","og_type":"article","og_title":"Journ\u00e9e multisports - KIDS EN FORME","og_description":"Journ\u00e9e ou demi-journ\u00e9e multisports Information Une journ\u00e9e ou une demi-journ\u00e9e pour d\u00e9couvrir, bouger et s\u2019amuser\u00a0! Les journ\u00e9es multisports propos\u00e9s par l&rsquo;association offrent aux enfants et adolescents une opportunit\u00e9 unique de pratiquer une grande vari\u00e9t\u00e9 d\u2019activit\u00e9s physiques dans un cadre ludique, s\u00e9curis\u00e9 et encadr\u00e9 par des professionnels dipl\u00f4m\u00e9s. Con\u00e7us pour favoriser la d\u00e9couverte, le plaisir du [&hellip;]","og_url":"https:\/\/www.kidsenforme.fr\/?page_id=540","og_site_name":"KIDS EN FORME","article_publisher":"https:\/\/www.facebook.com\/kidsenforme","article_modified_time":"2026-03-21T15:50:27+00:00","og_image":[{"width":2560,"height":2560,"url":"https:\/\/www.kidsenforme.fr\/wp-content\/uploads\/2026\/01\/9394-scaled.jpg","type":"image\/jpeg"}],"twitter_card":"summary_large_image","twitter_misc":{"Dur\u00e9e de lecture estim\u00e9e":"2 minutes"},"schema":{"@context":"https:\/\/schema.org","@graph":[{"@type":"WebPage","@id":"https:\/\/www.kidsenforme.fr\/?page_id=540","url":"https:\/\/www.kidsenforme.fr\/?page_id=540","name":"Journ\u00e9e multisports - KIDS EN FORME","isPartOf":{"@id":"https:\/\/www.kidsenforme.fr\/#website"},"primaryImageOfPage":{"@id":"https:\/\/www.kidsenforme.fr\/?page_id=540#primaryimage"},"image":{"@id":"https:\/\/www.kidsenforme.fr\/?page_id=540#primaryimage"},"thumbnailUrl":"https:\/\/www.kidsenforme.fr\/wp-content\/uploads\/2026\/01\/9394-1024x1024.jpg","datePublished":"2026-03-15T14:51:13+00:00","dateModified":"2026-03-21T15:50:27+00:00","breadcrumb":{"@id":"https:\/\/www.kidsenforme.fr\/?page_id=540#breadcrumb"},"inLanguage":"fr-FR","potentialAction":[{"@type":"ReadAction","target":["https:\/\/www.kidsenforme.fr\/?page_id=540"]}]},{"@type":"ImageObject","inLanguage":"fr-FR","@id":"https:\/\/www.kidsenforme.fr\/?page_id=540#primaryimage","url":"https:\/\/www.kidsenforme.fr\/wp-content\/uploads\/2026\/01\/9394-scaled.jpg","contentUrl":"https:\/\/www.kidsenforme.fr\/wp-content\/uploads\/2026\/01\/9394-scaled.jpg","width":2560,"height":2560,"caption":"Summer sports cartoon concept with sports equipment and outfit vector illustration"},{"@type":"BreadcrumbList","@id":"https:\/\/www.kidsenforme.fr\/?page_id=540#breadcrumb","itemListElement":[{"@type":"ListItem","position":1,"name":"Accueil","item":"https:\/\/www.kidsenforme.fr\/"},{"@type":"ListItem","position":2,"name":"Journ\u00e9e multisports"}]},{"@type":"WebSite","@id":"https:\/\/www.kidsenforme.fr\/#website","url":"https:\/\/www.kidsenforme.fr\/","name":"KIDS EN FORME","description":"","publisher":{"@id":"https:\/\/www.kidsenforme.fr\/#organization"},"potentialAction":[{"@type":"SearchAction","target":{"@type":"EntryPoint","urlTemplate":"https:\/\/www.kidsenforme.fr\/?s={search_term_string}"},"query-input":{"@type":"PropertyValueSpecification","valueRequired":true,"valueName":"search_term_string"}}],"inLanguage":"fr-FR"},{"@type":"Organization","@id":"https:\/\/www.kidsenforme.fr\/#organization","name":"ASSOCIATION KIDS EN FORME","url":"https:\/\/www.kidsenforme.fr\/","logo":{"@type":"ImageObject","inLanguage":"fr-FR","@id":"https:\/\/www.kidsenforme.fr\/#\/schema\/logo\/image\/","url":"https:\/\/www.kidsenforme.fr\/wp-content\/uploads\/2025\/07\/kids-en-forme-logo.png","contentUrl":"https:\/\/www.kidsenforme.fr\/wp-content\/uploads\/2025\/07\/kids-en-forme-logo.png","width":1920,"height":1080,"caption":"ASSOCIATION KIDS EN FORME"},"image":{"@id":"https:\/\/www.kidsenforme.fr\/#\/schema\/logo\/image\/"},"sameAs":["https:\/\/www.facebook.com\/kidsenforme"]}]}},"_links":{"self":[{"href":"https:\/\/www.kidsenforme.fr\/index.php?rest_route=\/wp\/v2\/pages\/540","targetHints":{"allow":["GET"]}}],"collection":[{"href":"https:\/\/www.kidsenforme.fr\/index.php?rest_route=\/wp\/v2\/pages"}],"about":[{"href":"https:\/\/www.kidsenforme.fr\/index.php?rest_route=\/wp\/v2\/types\/page"}],"author":[{"embeddable":true,"href":"https:\/\/www.kidsenforme.fr\/index.php?rest_route=\/wp\/v2\/users\/1"}],"replies":[{"embeddable":true,"href":"https:\/\/www.kidsenforme.fr\/index.php?rest_route=%2Fwp%2Fv2%2Fcomments&post=540"}],"version-history":[{"count":13,"href":"https:\/\/www.kidsenforme.fr\/index.php?rest_route=\/wp\/v2\/pages\/540\/revisions"}],"predecessor-version":[{"id":561,"href":"https:\/\/www.kidsenforme.fr\/index.php?rest_route=\/wp\/v2\/pages\/540\/revisions\/561"}],"wp:attachment":[{"href":"https:\/\/www.kidsenforme.fr\/index.php?rest_route=%2Fwp%2Fv2%2Fmedia&parent=540"}],"curies":[{"name":"wp","href":"https:\/\/api.w.org\/{rel}","templated":true}]}}